{"id":2137,"date":"2020-03-20T19:56:11","date_gmt":"2020-03-20T19:56:11","guid":{"rendered":"https:\/\/superkaffeehaus.de\/?product=melitta-optima-timer-100801-bk-filterkaffeemaschine-mit-glaskanne-und-timer-funktion-abnehmbarer-wassertank-schwarz"},"modified":"2023-04-08T14:51:05","modified_gmt":"2023-04-08T14:51:05","slug":"melitta-optima-timer-100801-bk-filterkaffeemaschine-mit-glaskanne-und-timer-funktion-abnehmbarer-wassertank-schwarz","status":"publish","type":"product","link":"https:\/\/rund-um-den-kaffee.de\/?product=melitta-optima-timer-100801-bk-filterkaffeemaschine-mit-glaskanne-und-timer-funktion-abnehmbarer-wassertank-schwarz","title":{"rendered":"Melitta 6613648 Optima Timer 100801 Filter-Kaffeemaschine mit Timer Funktion, 1.2 liters schwarz, 12 Tassen"},"content":{"rendered":"\n<div class=\"disclaim\"> Farbe:<strong>Schwarz<\/strong> | Konfiguration:<strong>Single<\/strong> <\/div>\n<p> <!-- show up to 2 reviews by default --> <\/p>\n<h3>Produktbeschreibung<\/h3>\n<\/p>\n<p>Egal zu welcher Uhrzeit Sie eine Tasse Kaffee w\u00fcnschen: Die Optima Timer bietet programmierbare Genuss-Momente. Mit dem Timer k\u00f6nnen Sie den Br\u00fchstart vorprogrammieren \u2013 z.B. am Abend f\u00fcr den n\u00e4chsten Morgen. Das Ger\u00e4t schaltet sich automatisch zur programmierten Zeit ein. Nur regelm\u00e4\u00dfiges Entkalken stellt die einwandfreie Funktion Ihrer Kaffeemaschine sicher. Daher bietet Ihnen die Kaffeemaschine einen 3-in-1 Kalkschutz mit programmierbarem Wasserh\u00e4rtegrad, Anzeige des Verkalkungsgrads und praktischem, automatischem Entkalkungsprogramm. Noch nie war das Bef\u00fcllen und Reinigen des Wassertanks so einfach. Der Wasserbeh\u00e4lter verf\u00fcgt \u00fcber eine Griffmulde und kann leicht aus dem Ger\u00e4t entnommen werden. Die gut lesbare Tassenskalierung macht die passende Dosierung zudem spielend leicht. Sowohl der entnehmbare Filtereinsatz, als auch die Glaskanne der Kaffeemaschine sind sp\u00fclmaschinengeeignet. Einer komfortablen Reinigung steht somit nichts mehr im Wege. Unkomplizierte Reinigung: Der herausnehmbare Filtereinsatz mit integriertem Tropfstopp verschwindet nach Gebrauch einfach in der Sp\u00fclmaschine.<\/p>\n<\/p>\n<h3>Rechtliche Hinweise<\/h3>\n<p>Der Verkauf erfolgt unter Ausschluss jeglicher Gew\u00e4hrleistung. <\/p>\n<p>Modernes Design: Filterkaffeemaschine mit Glaskanne und abnehmbarem Wassertank f\u00fcr ca. 8 Tassen, Elegante Edelstahl-Applikationen, LED-Anzeige, Passend f\u00fcr Melitta Filtert\u00fcten Gr\u00f6\u00dfe 102<br \/>\nAutomatischer Br\u00fchstart: Timer-Funktion zum Vorprogrammieren der Br\u00fchzeit, Automatisches Anschalten des Ger\u00e4ts zum gew\u00e4hlten Zeitpunkt, Ideal f\u00fcr den ersten Kaffee am fr\u00fchen Morgen<br \/>\nEinfache Handhabung: Beleuchteter Ein- und Ausschalter, Abnehmbarer, transparenter Wassertank mit Skalierung zum leichten Bef\u00fcllen, Schwenkfilter mit herausnehmbarem Filtereinsatz, Automatische Endabschaltung<br \/>\nUnkomplizierte Reinigung: Filtereinsatz, Glaskanne und Deckel sp\u00fclmaschinengeeignet, Automatische Entkalkungs-Anzeige, Entkalkungsvorgang auf Knopfdruck<br \/>\nLieferumfang: 1 Melitta Optimer Timer 100801, Filterkaffeemaschine mit Glaskanne und Timer-Funktion, Schwarz, 850 Watt<br \/>\n<div class=\"main-cross-sell\" data-asin=\"B005FQJUI2\">\n\n\t<div class=\"WooZone-cross-sell-loader\">\n\t\t<div>\n\t\t\t<div id=\"floatingBarsG\">\n\t\t\t\t<div class=\"blockG\" id=\"rotateG_01\"><\/div>\n\t\t\t\t<div class=\"blockG\" id=\"rotateG_02\"><\/div>\n\t\t\t\t<div class=\"blockG\" id=\"rotateG_03\"><\/div>\n\t\t\t\t<div class=\"blockG\" id=\"rotateG_04\"><\/div>\n\t\t\t\t<div class=\"blockG\" id=\"rotateG_05\"><\/div>\n\t\t\t\t<div class=\"blockG\" id=\"rotateG_06\"><\/div>\n\t\t\t\t<div class=\"blockG\" id=\"rotateG_07\"><\/div>\n\t\t\t\t<div class=\"blockG\" id=\"rotateG_08\"><\/div>\n\t\t\t<\/div>\n\t\t\t<div class=\"WooZone-cross-sell-loader-text\"><\/div>\n\t\t<\/div>\n\t<\/div>\n\n\t\t\n<\/div>\n<div style=\"clear:both;\"><\/div>\n","protected":false},"excerpt":{"rendered":"<p>Modernes Design: Filterkaffeemaschine mit Glaskanne und abnehmbarem Wassertank f\u00fcr ca. 8 Tassen, Elegante Edelstahl-Applikationen, LED-Anzeige, Passend f\u00fcr Melitta Filtert\u00fcten Gr\u00f6\u00dfe 102<br \/>\nAutomatischer Br\u00fchstart: Timer-Funktion zum Vorprogrammieren der Br\u00fchzeit, Automatisches Anschalten des Ger\u00e4ts zum gew\u00e4hlten Zeitpunkt, Ideal f\u00fcr den ersten Kaffee am fr\u00fchen Morgen<br \/>\nEinfache Handhabung: Beleuchteter Ein- und Ausschalter, Abnehmbarer, transparenter Wassertank mit Skalierung zum leichten Bef\u00fcllen, Schwenkfilter mit herausnehmbarem Filtereinsatz, Automatische Endabschaltung<\/p>\n","protected":false},"featured_media":2138,"comment_status":"open","ping_status":"closed","template":"","meta":{"_uag_custom_page_level_css":""},"product_cat":[144],"product_tag":[],"uagb_featured_image_src":{"full":["https:\/\/rund-um-den-kaffee.de\/wp-content\/uploads\/2020\/03\/41WzS1oGd8L.jpg",327,500,false],"thumbnail":["https:\/\/rund-um-den-kaffee.de\/wp-content\/uploads\/2020\/03\/41WzS1oGd8L-150x150.jpg",150,150,true],"medium":["https:\/\/rund-um-den-kaffee.de\/wp-content\/uploads\/2020\/03\/41WzS1oGd8L-300x300.jpg",300,300,true],"medium_large":["https:\/\/rund-um-den-kaffee.de\/wp-content\/uploads\/2020\/03\/41WzS1oGd8L.jpg",327,500,false],"large":["https:\/\/rund-um-den-kaffee.de\/wp-content\/uploads\/2020\/03\/41WzS1oGd8L.jpg",327,500,false],"1536x1536":["https:\/\/rund-um-den-kaffee.de\/wp-content\/uploads\/2020\/03\/41WzS1oGd8L.jpg",327,500,false],"2048x2048":["https:\/\/rund-um-den-kaffee.de\/wp-content\/uploads\/2020\/03\/41WzS1oGd8L.jpg",327,500,false],"post-thumbnail":["https:\/\/rund-um-den-kaffee.de\/wp-content\/uploads\/2020\/03\/41WzS1oGd8L-280x180.jpg",280,180,true],"woocommerce_thumbnail":["https:\/\/rund-um-den-kaffee.de\/wp-content\/uploads\/2020\/03\/41WzS1oGd8L-300x300.jpg",300,300,true],"woocommerce_single":["https:\/\/rund-um-den-kaffee.de\/wp-content\/uploads\/2020\/03\/41WzS1oGd8L.jpg",327,500,false],"woocommerce_gallery_thumbnail":["https:\/\/rund-um-den-kaffee.de\/wp-content\/uploads\/2020\/03\/41WzS1oGd8L-100x100.jpg",100,100,true],"shop_catalog":["https:\/\/rund-um-den-kaffee.de\/wp-content\/uploads\/2020\/03\/41WzS1oGd8L-300x300.jpg",300,300,true],"shop_single":["https:\/\/rund-um-den-kaffee.de\/wp-content\/uploads\/2020\/03\/41WzS1oGd8L.jpg",327,500,false],"shop_thumbnail":["https:\/\/rund-um-den-kaffee.de\/wp-content\/uploads\/2020\/03\/41WzS1oGd8L-100x100.jpg",100,100,true]},"uagb_author_info":{"display_name":"Swen-Olaf Bender","author_link":"https:\/\/rund-um-den-kaffee.de\/?author=0"},"uagb_comment_info":0,"uagb_excerpt":"Modernes Design: Filterkaffeemaschine mit Glaskanne und abnehmbarem Wassertank f\u00fcr ca. 8 Tassen, Elegante Edelstahl-Applikationen, LED-Anzeige, Passend f\u00fcr Melitta Filtert\u00fcten Gr\u00f6\u00dfe 102 Automatischer Br\u00fchstart: Timer-Funktion zum Vorprogrammieren der Br\u00fchzeit, Automatisches Anschalten des Ger\u00e4ts zum gew\u00e4hlten Zeitpunkt, Ideal f\u00fcr den ersten Kaffee am fr\u00fchen Morgen Einfache Handhabung: Beleuchteter Ein- und Ausschalter, Abnehmbarer, transparenter Wassertank mit Skalierung zum&hellip;","_links":{"self":[{"href":"https:\/\/rund-um-den-kaffee.de\/index.php?rest_route=\/wp\/v2\/product\/2137"}],"collection":[{"href":"https:\/\/rund-um-den-kaffee.de\/index.php?rest_route=\/wp\/v2\/product"}],"about":[{"href":"https:\/\/rund-um-den-kaffee.de\/index.php?rest_route=\/wp\/v2\/types\/product"}],"replies":[{"embeddable":true,"href":"https:\/\/rund-um-den-kaffee.de\/index.php?rest_route=%2Fwp%2Fv2%2Fcomments&post=2137"}],"wp:featuredmedia":[{"embeddable":true,"href":"https:\/\/rund-um-den-kaffee.de\/index.php?rest_route=\/wp\/v2\/media\/2138"}],"wp:attachment":[{"href":"https:\/\/rund-um-den-kaffee.de\/index.php?rest_route=%2Fwp%2Fv2%2Fmedia&parent=2137"}],"wp:term":[{"taxonomy":"product_cat","embeddable":true,"href":"https:\/\/rund-um-den-kaffee.de\/index.php?rest_route=%2Fwp%2Fv2%2Fproduct_cat&post=2137"},{"taxonomy":"product_tag","embeddable":true,"href":"https:\/\/rund-um-den-kaffee.de\/index.php?rest_route=%2Fwp%2Fv2%2Fproduct_tag&post=2137"}],"curies":[{"name":"wp","href":"https:\/\/api.w.org\/{rel}","templated":true}]}}